tor of 10386432?
True
Does 794 divide 22743600?
False
Is 201 a factor of 4137786?
True
Does 2 divide 33991?
False
Is 247 a factor of 2365272?
True
Does 18 divide 3447?
False
Is 15 a factor of 823294?
False
Is 21239 a multiple of 2?
False
Is 6511168 a multiple of 64?
True
Does 49 divide 159495?
True
Is 51 a factor of 4256510?
False
Is 1363230 a multiple of 66?
True
Does 7 divide 92169?
True
Is 190276 a multiple of 65?
False
Does 287 divide 1890326?
False
Is 18 a factor of 178866?
True
Does 15 divide 193125?
True
Is 5 a factor of 3815590?
True
Is 317196 a multiple of 396?
True
Is 887222 a multiple of 998?
True
Is 164592 a multiple of 1016?
True
Is 120 a factor of 1917480?
True
Is 21 a factor of 30765?
True
Does 195 divide 556335?
True
Is 21 a factor of 8595?
False
Is 48 a factor of 6489575?
False
Is 296 a factor of 2214080?
True
Is 5482100 a multiple of 50?
True
Is 652376 a multiple of 177?
False
Does 206 divide 291299?
False
Is 5051264 a multiple of 19?
True
Is 697 a factor of 659362?
True
Does 4 divide 24573?
False
Is 185376 a multiple of 32?
True
Does 311 divide 8952665?
False
Is 48 a factor of 12548208?
True
Does 353 divide 1182369?
False
Does 242 divide 397525?
False
Is 255 a factor of 17049555?
True
Is 607110 a multiple of 70?
True
Is 178352 a multiple of 14?
False
Is 37 a factor of 40231?
False
Is 186 a factor of 451980?
True
Is 49 a factor of 418766?
False
Is 1052 a factor of 8799980?
True
Is 486305 a multiple of 159?
False
Is 28 a factor of 10709295?
False
Is 366 a factor of 2634080?
False
Is 17763436 a multiple of 1093?
True
Is 20 a factor of 178880?
True
Does 41 divide 170944?
False
Is 274 a factor of 2946870?
True
Is 992218 a multiple of 38?
True
Is 208199 a multiple of 53?
False
Does 1125 divide 3801014?
False
Does 568 divide 3718497?
False
Is 169337 a multiple of 7?
True
Is 40474 a multiple of 16?
False
Is 819 a factor of 854217?
True
Is 138749 a multiple of 13?
True
Is 2951494 a multiple of 14?
True
Is 11396308 a multiple of 154?
True
Is 718732 a multiple of 193?
True
Is 4834272 a multiple of 8?
True
Is 7 a factor of 82523?
True
Does 300 divide 680102?
False
Does 7 divide 4128478?
False
Is 226600 a multiple of 275?
True
Is 46 a factor of 132498?
False
Is 131292 a multiple of 252?
True
Does 4 divide 604148?
True
Is 224252 a multiple of 14?
True
Is 37620 a multiple of 45?
True
Is 3115368 a multiple of 9?
True
Is 810345 a multiple of 267?
True
Does 154 divide 1311772?
True
Is 28 a factor of 69384?
True
Does 126 divide 122965?
False
Does 85 divide 7419395?
True
Is 5921661 a multiple of 17?
True
Is 15 a factor of 12634170?
True
Is 17 a factor of 534830?
False
Is 701671 a multiple of 4?
False
Does 138 divide 6624?
True
Is 538213 a multiple of 11?
False
Is 191 a factor of 1649101?
False
Is 2244729 a multiple of 205?
False
Is 59 a factor of 125788?
True
Is 424 a factor of 2707889?
False
Does 41 divide 151782?
True
Does 78 divide 545142?
True
Is 175 a factor of 347259?
False
Is 63 a factor of 929048?
False
Is 955 a factor of 4433021?
False
Is 845205 a multiple of 728?
False
Is 114398 a multiple of 47?
True
Is 76 a factor of 237044?
True
Does 64 divide 272322?
False
Does 13 divide 2022593?
False
Is 289 a factor of 102695?
False
Is 3423090 a multiple of 138?
True
Is 17 a factor of 650260?
False
Is 147745 a multiple of 7?
False
Is 148 a factor of 2848704?
True
Is 1499513 a multiple of 109?
True
Is 48 a factor of 177696?
True
Does 80 divide 744453?
False
Is 47 a factor of 340355?
False
Does 16 divide 2778240?
True
Does 71 divide 2257260?
False
Is 93852 a multiple of 79?
True
Is 75309 a multiple of 71?
False
Does 6 divide 1118628?
True
Is 195770 a multiple of 10?
True
Is 169 a factor of 2584348?
True
Is 150340 a multiple of 249?
False
Does 33 divide 337163?
False
Is 18649 a multiple of 45?
False
Does 15 divide 395976?
False
Does 57 divide 217204?
False
Is 244 a factor of 3178348?
False
Does 8 divide 140424?
True
Is 15246 a multiple of 121?
True
Does 71 divide 96134?
True
Is 165 a factor of 80336?
False
Is 165 a factor of 105930?
True
Is 358943 a multiple of 5?
False
Does 1014 divide 965280?
False
Does 13 divide 3228?
False
Does 29 divide 109865?
False
Is 34 a factor of 187252?
False
Is 10 a factor of 4639365?
False
Is 22 a factor of 6263141?
False
Is 13 a factor of 88387?
True
Does 119 divide 320284?
False
Is 4 a factor of 1781376?
True
Is 6 a factor of 319782?
True
Is 6306 a multiple of 23?
False
Is 8300860 a multiple of 20?
True
Is 5314315 a multiple of 635?
True
Is 3013541 a multiple of 14?
False
Does 5 divide 5186175?
True
Is 165 a factor of 679305?
True
Does 30 divide 2597851?
False
Is 54228 a multiple of 6?
True
Does 105 divide 290127?
False
Does 22 divide 625944?
True
Is 734434 a multiple of 17?
True
Is 899910 a multiple of 7?
False
Is 18448 a multiple of 15?
False
Is 1570020 a multiple of 15?
True
Does 650 divide 2437500?
True
Is 267660 a multiple of 15?
True
Does 66 divide 3252876?
True
Is 150 a factor of 106200?
True
Is 13137 a multiple of 151?
True
Does 1013 divide 4660749?
False
Is 68317 a multiple of 108?
False
Is 11 a factor of 156068?
True
Is 54 a factor of 7131402?
True
Is 8 a factor of 4389795?
False
Is 9116711 a multiple of 294?
False
Is 551348 a multiple of 17?
False
Does 94 divide 26978?
True
Is 488 a factor of 1992016?
True
Is 553410 a multiple of 473?
True
Is 1404077 a multiple of 827?
False
Does 381 divide 1746885?
True
Does 68 divide 185216?
False
Is 110080 a multiple of 9?
False
Is 1247809 a multiple of 136?
False
Does 19 divide 795644?
True
Is 7 a factor of 758954?
True
Is 1305268 a multiple of 2?
True
Is 33414 a multiple of 101?
False
Is 31064943 a multiple of 59?
False
Does 8 divide 122035?
False
Does 27 divide 3017307?
False
Is 290 a factor of 1851940?
True
Does 1194 divide 10486902?
True
Is 355 a factor of 564886?
False
Does 2139 divide 11347395?
True
Is 44 a factor of 1463308?
True
Is 100980 a multiple of 165?
True
Does 461 divide 293577?
False
Is 23 a factor of 1200117?
True
Is 2458521 a multiple of 1143?
False
Is 3789090 a multiple of 994?
False
Is 12 a factor of 5969508?
True
Does 127 divide 180955?
False
Is 255 a factor of 184875?
True
Is 215050 a multiple of 23?
True
Does 8 divide 37928?
True
Does 1349 divide 17947096?
True
Is 10 a factor of 10102?
False
Is 240495 a multiple of 21?
False
Is 373592 a multiple of 136?
True
Is 4122843 a multiple of 64?
False
Does 830 divide 2803740?
True
Is 46 a factor of 488060?
True
Is 57 a factor of 3414357?
True
Is 33077 a multiple of 31?
True
Is 755680 a multiple of 6?
False
Does 179 divide 66100?
False
Does 42 divide 60438?
True
Is 8047287 a multiple of 190?
False
Is 106762 a multiple of 7?
False
Is 8 a factor of 150472?
True
Is 379529 a multiple of 19?
False
Does 4 divide 10874?
False
Does 10 divide 2990?
True
Is 55 a factor of 5642835?
True
Is 61 a factor of 562134?
False
Does 42 divide 20286?
True
Does 16 divide 136409?
False
Is 122 a factor of 1147532?
True
Is 248 a factor of 8095485?
False
Does 101 divide 147078?
False
Is 1645760 a multiple of 55?
False
Does 76 divide 873240?
True
Is 53 a factor of 33774?
False
Does 68 divide 32096?
True
Is 6841585 a multiple of 134?
False
Is 42 a factor of 2072952?
True
Is 47319 a multiple of 41?
False
Is 26 a factor of 1296386?
True
Is 1795760 a multiple of 63?
False
Does 12 divide 5109528?
True
Does 224 divide 32256?
True
Is 189538 a multiple of 79?
False
Does 47 divide 8680?
False
Is 202 a factor of 27790554?
True
Is 13 a factor of 3616945?
False
Is 50797 a multiple of 14?
False
Does 7 divide 34065?
False
Is 147 a factor of 385581?
True
Is 649 a factor of 4036131?
True
Is 6 a factor of 803685?
False
Is 6036670 a multiple of 26?
False
Is 1298690 a multiple of 610?
True
Is 34 a factor of 917592?
True
Is 1155600 a multiple of 144?
True
Is 168480 a multiple of 1053?
True
Is 473 a factor of 2149270?
False
Does 100 divide 47733?
False
Is 4800540 a multiple of 380?
True
Is 455832 a multiple of 78?
True
Does 19 divide 674154?
False
Is 8960534 a multiple of 1342?
True
Does 126 divide 159264?
True
Does 25 divide 253250?
True
Does 438 divide 1452846?
True
Is 149620 a multiple of 53?
False
Does 21 divide 1476531?
True
Is 24 a factor of 739728?
True
Does 45 divide 130230?
True
Is 328 a factor of 229127?
False
Is 353 a factor of 2414279?
F